hat are the prime factors of y(-9)?
2, 5, 17
Suppose -5*q + 9 = -3*o - 5, -5*q = -2*o - 16. Let s(n) = -12*n**2 + 4*n + 8*n**2 - 17*n + 5*n**o + 35. What are the prime factors of s(10)?
5
Let l = -50 - -54. Suppose 6*x - 129 = x + 3*j, -143 = -5*x - l*j. What are the prime factors of x?
3
Let x(i) = 51*i**2 - 4*i - 4. Let m be ((-2)/3)/(2/(-6)). Let f be 16/7 - m - 48/(-28). What are the prime factors of x(f)?
2, 3
Suppose 4*r - 3097 = -2*k - k, 4*r = -2*k + 2066. Let s = 1522 - k. List the prime factors of s.
491
Let j = 2095 - -2483. What are the prime factors of j?
2, 3, 7, 109
Let q(b) = 10*b**3 + 15*b**2 + 13*b. Let g be q(-1). Let i(y) = -y**2 - 10 + 4 - 6 - 20*y. What are the prime factors of i(g)?
2, 3, 7
Suppose -2*r + m - 3 = 0, -80*r + 2*m - 6 = -77*r. Suppose -5*z = -20 + 5, 3*n - 5*z - 2658 = r. List the prime factors of n.
3, 11
Suppose 22 = -5*z + 87. Suppose -15 = -4*c + z. What are the prime factors of (2/4)/(c/1106)?
79
Let c(n) = -174*n**2 - 28. Let w be c(-3). Let i = w + 3381. What are the prime factors of i?
1787
Suppose -s + 653 = -2*t + 49, -2*t = 4*s - 2396. What are the prime factors of 93 + ((-4)/9 - s/108)?
3, 29
Suppose -5*g - 7 + 27 = 0. Suppose -65*p + g = -64*p. Suppose m + 3*m = -p, 3*o - 74 = -4*m. List the prime factors of o.
2, 13
Suppose 4*k + 2*q - 12 = 0, -4*q - 6 = -4*k + 2*k. Suppose -3*v + 138 = 4*w, -109 + 34 = -2*v + k*w. What are the prime factors of v?
2, 3, 7
Let a(y) = 341*y - 85. Let v be a(7). Suppose 0 = 5*g + 3*b - 2869, -2*g + b = 2*g - v. List the prime factors of g.
5, 23
Let o(k) = k**2 - k - 6. Let c be o(3). Suppose 29*s - 28*s = 3*t + 396, 3*s + 2*t - 1243 = c. List the prime factors of s.
3, 137
Suppose -32*o = 36732 - 226140. List the prime factors of o.
3, 1973
Suppose 6250 - 622 = o - k, 0 = 2*o + 2*k - 11248. List the prime factors of o.
2, 29, 97
Suppose 4*p - 365 = 4*y + 203, 740 = 5*p + y. Suppose -153*x + p*x = -3156. List the prime factors of x.
2, 263
Suppose -776 - 478 = -22*i. Suppose 0 = -0*s + 2*s - 102. Let q = i + s. List the prime factors of q.
2, 3
Let t = 183 - 183. Suppose t = -3*j + 18*j - 6945. What are the prime factors of j?
463
Suppose 0 = -5*i + 3*n + 6129, 2*i + 2*i = 4*n + 4908. Suppose -10*t + i = -t. What are the prime factors of t?
2, 17
Let z = 2641 + -549. Suppose l + 4*w = 423, -4*l + z = l - 3*w. List the prime factors of l.
419
Suppose -2*n + 16979 = d, 21 - 36 = 3*d. What are the prime factors of n?
2, 11, 193
Let l(s) = s - 1. Let b(z) = -2*z**3 + 4*z**2 + 3*z - 10. Let n = 68 + -64. Let x(r) = n*l(r) - b(r). List the prime factors of x(5).
7, 23
Let q be 1*5 - (-7 - -7). Suppose -4*d + 1440 = s, d - 3*d - q*s = -702. What are the prime factors of d?
19
Let b = 6578 + -3903. List the prime factors of b.
5, 107
Let o(k) = k**3 + 42*k**2 + 42*k - 229. What are the prime factors of o(18)?
41, 487
Let a(z) = 8100*z - 1096. List the prime factors of a(6).
2, 2969
Let r = -15060 + 25741. What are the prime factors of r?
11, 971
Suppose 0 = -0*n + 5*n - n - 27772. What are the prime factors of n?
53, 131
Suppose 6 = 2*j + 3*p, 0 = -3*j - 2*j + p - 2. Suppose -3*h = a + 3*a - 160, h = j. Suppose 2*q = 226 - a. What are the prime factors of q?
3, 31
Let i = -8596 - -39463. List the prime factors of i.
3, 10289
Let c = -4589 - -17179. What are the prime factors of c?
2, 5, 1259
Let j(v) = -1586*v**3 - v**2 + 2. What are the prime factors of j(-1)?
3, 23
Let c(o) = 3549*o**2 - 164*o - 480. What are the prime factors of c(-3)?
3, 10651
Let m = 851 + -744. Suppose 0*a = -a + 152. Let n = a - m. List the prime factors of n.
3, 5
Suppose 28*w - 41 = 71. Suppose w*y = -q + 3443, -9*y + 2571 = -6*y + 3*q. List the prime factors of y.
2, 431
Let h = 1947 - 1314. Let u = h + -341. What are the prime factors of u?
2, 73
Let q(c) = -2*c + 12*c + 41 - 8*c**2 - c**3 + 0*c + 6*c. List the prime factors of q(-13).
2, 3, 113
Let d(s) = 200*s**2 + 6*s + 44. Let i be d(12). Suppose -38*n - i = -84358. What are the prime factors of n?
1459
Let v(j) = -143*j - 176. Let y(c) = -c**2 - 15*c - 33. Let b be y(-2). What are the prime factors of v(b)?
3, 5, 11
Let k be ((-5541)/(-2))/3 + 6/4. Let y = k + -658. What are the prime factors of y?
3, 89
Let f(u) = 76*u**2 + 11*u. Let s be f(2). Suppose -2*h = -s - 96. List the prime factors of h.
211
Let q = -263 + 1104. Suppose q + 888 = 7*r. What are the prime factors of r?
13, 19
Let c = 280 - 280. Suppose 53*d - 56*d + 1368 = c. List the prime factors of d.
2, 3, 19
Suppose 0*t - 10 = 2*f + 4*t, -3*f + 3*t - 51 = 0. Let l(p) = -74*p + 134. What are the prime factors of l(f)?
2, 137
Let t = -1138 + 801. Let h = t - -505. Suppose h = 3*o - 453. List the prime factors of o.
3, 23
Let s be 120/(-48)*18936/(-10). Suppose -8*b = -562 - s. What are the prime factors of b?
2, 331
Let d = -55 - -62. Suppose a - 4*i - d = 0, 4*a + 2*i = -3*i - 35. Let c(t) = -t**3 - t**2 + 4*t - 1. List the prime factors of c(a).
79
Suppose 10 = -4*y - y - 3*l, -13 = -3*y + 2*l. Let x be (y - 1 - -4) + 4 + -1. Suppose 231 = x*m - 4*m. List the prime factors of m.
7, 11
Suppose 0*x + 2*x - 2 = 0. Let w(m) = 242*m + 3. Let v(y) = 471*y + 5. Let i(p) = -2*v(p) + 5*w(p). List the prime factors of i(x).
3, 7, 13
What are the prime factors of (-12)/90 + (-14)/(-2310)*14047?
5, 17
Let y(i) = 51*i + 248. Let s be y(-20). Let b = s + 1342. What are the prime factors of b?
2, 3, 5, 19
Let h = 15640 + -7960. What are the prime factors of h?
2, 3, 5
Suppose 0 = -5*h + 35 - 10. Suppose -h*b = -b + 28. List the prime factors of -2 - 1 - (-8 + b).
2, 3
Let m be (-3 - (31 + 5))*(0 - -11). List the prime factors of (m/(-12))/(6/24).
11, 13
Suppose v - r + 10518 = 6*v, 4*v - 8420 = 2*r. Suppose 4*t - v = 1396. What are the prime factors of t?
5, 7
Suppose 39*q - 11*q - 112 = 0. Suppose 0 = 3*b + q*k - 2332 + 549, 1818 = 3*b - 3*k. List the prime factors of b.
601
Let b(l) = -166 + 85 + 80 + 69*l. Let f be b(-2). Let h = -57 - f. List the prime factors of h.
2, 41
Let z = 131773 - 86782. What are the prime factors of z?
3, 4999
Let c(o) = -4 - 31*o - 3 + 2 - 6. What are the prime factors of c(-4)?
113
Suppose -13*g + 17*g - 228 = 0. Let c = g - 52. Suppose 32 = 4*i + 5*d + 12, -i - 5*d + c = 0. List the prime factors of i.
5
Suppose 5*z + 4*q = -q - 475, 0 = 4*z + 5*q + 383. What are the prime factors of ((-1828)/8)/(23/z)?
2, 457
Let t be (-4 - 169)/((-2)/(-4)). Let d = 727 + t. What are the prime factors of (-5 + 3)/(-3 + d/129)?
43
Let h(v) = -v**3 + 76*v**2 + 80*v + 898. What are the prime factors of h(74)?
2, 5, 1777
Let i(h) be the second derivative of h**4/2 + 41*h**3/6 - 19*h**2/2 - 34*h. What are the prime factors of i(-13)?
2, 3, 7, 11
Let p = 282 + -280. Suppose -5*q + 786 = -2*l - 578, p = -l. List the prime factors of q.
2, 17
Suppose -28*x - 32910 = -34*x. Suppose 0 = 8*z - x - 1171. List the prime factors of z.
2, 13
Let a = 22 - 22. Suppose a = 3*h + 334 - 4. Let o = h - -211. What are the prime factors of o?
101
Suppose 4*r = 4*i - 280, -4 + 74 = i - 2*r. List the prime factors of 114387/i + (-2)/20 - 0.
2, 19, 43
Let h = 29116 - 54940. What are the prime factors of (-295)/(-35) - 9 - h/14?
2, 461
Suppose 3*r - 3*a - 45239 - 89590 = 0, -5*r + 3*a + 224725 = 0. What are the prime factors of r?
2, 17, 661
Let d(f) = 256*f - 317. Let k(l) = 130*l - 159. Let n(i) = -4*d(i) + 9*k(i). List the prime factors of n(9).
1151
List the prime factors of ((-3)/2 - (-78095)/2)*24/48.
7, 2789
Suppose 90 = -y - 62. Let l = y + 298. Suppose -5*d = -n + l, 5*n - 670 = -d - 4*d. What are the prime factors of n?
2, 17
Suppose 2*i - 84087 = 6*c + 59775, -3*c + 12 = 0. What are the prime factors of i?
3, 23981
Let d = 272 + -205. Let y = 633 + d. What are the prime factors of y?
2, 5, 7
Suppose 94*d - 2404290 + 1351351 = 1794509. List the prime factors of d.
2, 7573
Let g(s) = -s**3 + 4*s**2 + 18*s + 14. Let f be g(7). List the prime factors of (-36)/f*(32 - -87).
2, 3, 17
Let r be ((-54)/36)/(2/(-4)). Suppose -3*t - 6 = r. Let p = t + 20. What are the prime factors of p?
17
Suppose -4*p + 15*j = 10*j - 43194, -5*j = -5*p + 53985. List the prime factors of p.
3, 11, 109
Suppose 43*c - 744027 = 28*c - 26*c. What are the prime factors of c?
3, 23, 263
Let y = -171 - -151. Let x be 